{"id":99711,"date":"2015-04-28T07:03:19","date_gmt":"2015-04-28T05:03:19","guid":{"rendered":"https:\/\/www.marah.ch\/prodotto\/bracciale-elastico-elegante-con-brillanti\/"},"modified":"2019-12-18T16:20:46","modified_gmt":"2019-12-18T15:20:46","slug":"bracciale-elastico-elegante-con-brillanti","status":"publish","type":"product","link":"https:\/\/www.marah.ch\/fr\/produit\/bracciale-elastico-elegante-con-brillanti\/","title":{"rendered":"Bracelet \u00e9lastique magn\u00e9tique \u00e9l\u00e9gant avec zircons"},"content":{"rendered":"<p>Nombre d&rsquo;aimants:2<br \/>Couleur:crystal<br \/>Finition de surface:poli<br \/>Couleurs:incolore, couleur acier<\/p>\n","protected":false},"excerpt":{"rendered":"<p>Bracelet flexible <\/p>\n<p>Fin s\u00e9rie, XL derni\u00e8re taille<\/p>\n","protected":false},"featured_media":99707,"comment_status":"open","ping_status":"closed","template":"","meta":{"_acf_changed":false},"product_brand":[],"product_cat":[239],"product_tag":[],"class_list":{"0":"post-99711","1":"product","2":"type-product","3":"status-publish","4":"has-post-thumbnail","6":"product_cat-bijoux-magnetiques","7":"pa_sceglilatuamisura-67-xl18_20cm-fr","9":"first","10":"instock","11":"shipping-taxable","12":"purchasable","13":"product-type-variable","14":"has-default-attributes"},"acf":[],"_links":{"self":[{"href":"https:\/\/www.marah.ch\/fr\/wp-json\/wp\/v2\/product\/99711","targetHints":{"allow":["GET"]}}],"collection":[{"href":"https:\/\/www.marah.ch\/fr\/wp-json\/wp\/v2\/product"}],"about":[{"href":"https:\/\/www.marah.ch\/fr\/wp-json\/wp\/v2\/types\/product"}],"replies":[{"embeddable":true,"href":"https:\/\/www.marah.ch\/fr\/wp-json\/wp\/v2\/comments?post=99711"}],"wp:featuredmedia":[{"embeddable":true,"href":"https:\/\/www.marah.ch\/fr\/wp-json\/wp\/v2\/media\/99707"}],"wp:attachment":[{"href":"https:\/\/www.marah.ch\/fr\/wp-json\/wp\/v2\/media?parent=99711"}],"wp:term":[{"taxonomy":"product_brand","embeddable":true,"href":"https:\/\/www.marah.ch\/fr\/wp-json\/wp\/v2\/product_brand?post=99711"},{"taxonomy":"product_cat","embeddable":true,"href":"https:\/\/www.marah.ch\/fr\/wp-json\/wp\/v2\/product_cat?post=99711"},{"taxonomy":"product_tag","embeddable":true,"href":"https:\/\/www.marah.ch\/fr\/wp-json\/wp\/v2\/product_tag?post=99711"}],"curies":[{"name":"wp","href":"https:\/\/api.w.org\/{rel}","templated":true}]}}

Bracelet élastique magnétique élégant avec zircons

<p>Bracelet flexible </p>
<p>Fin série, XL dernière taille</p>
